 c = 4*g. What is the remainder when g is divided by 14?
2
Let s be (-2 + -8 - -116) + 2. Suppose -o - 2*r = 2*r - 13, -4*o + r + 18 = 0. What is the remainder when 6 - (8/(-18) + (-3300)/s) is divided by o?
2
Suppose -89 + 14 = -5*k. Let c = 30508 + -30415. What is the remainder when c is divided by k?
3
What is the remainder when (-4009)/1045*-50 + (2/11 - 0) is divided by 140?
52
What is the remainder when 675 is divided by 1*(-4)/30 + 139/((-12510)/(-11172))?
55
Suppose -16 - 30 = -w. Let o = -40 + w. Let n = 111 + o. Calculate the remainder when n is divided by 30.
27
Let o(w) = -w**2 - 5*w - 6. Let c be o(-2). Let h be (c - 0) + -4*(3 - 4). What is the remainder when 127 is divided by (-8)/28 - 339*h/(-42)?
31
Let z = 84 - 91. Let d(a) = a**2 + 6*a - 5. Let o be d(z). Calculate the remainder when 7 is divided by 6/(-12) + 11/o.
2
Suppose -8*q + 3*q = -65. Let d(v) = -2*v**3 + 49*v**2 + 14*v + 314. What is the remainder when d(25) is divided by q?
0
What is the remainder when 2179 is divided by ((-1)/(-2))/(17/3706)?
108
Suppose -1754 = -3*l - 992. What is the remainder when 511 is divided by l?
3
Let a(u) = -3*u**2 + 6*u - 6. Let i be a(3). What is the remainder when 309 is divided by i/(-2)*((-50)/(-6) + -7)?
9
Let a = -119612 - -119854. Suppose -2*v - v + 147 = 0. Calculate the remainder when a is divided by v.
46
Let d(v) = 13*v**2 - 41*v + 22. Let h = 386 - 181. What is the remainder when h is divided by d(3)?
13
Let m be 2*(-16 - 2)*(-2)/4. Let x(n) = -4 - 4 + 1 - m*n - 10. Calculate the remainder when x(-6) is divided by 24.
19
Calculate the remainder when 159 is divided by 54*(-2 - (7 - (-63)/(-6))).
78
Let s(l) = -l**2 - 119*l - 3388. Calculate the remainder when 199 is divided by s(-66).
89
Let f(a) = a**2 - 1400*a - 9831. What is the remainder when 6963 is divided by f(-7)?
15
Suppose 5*x = -5*h + 60, 0*x + 3*x + 2*h - 32 = 0. Let d be 0/2 - -1*297. Suppose 5*l = d - 107. Calculate the remainder when l is divided by x.
6
Let j(t) = -14 + 3*t + 93 + 31. What is the remainder when 210 is divided by j(-19)?
51
Let j be (1 + 1)/2 + 3. Suppose j*b + 8*u - 64 = 4*u, -29 = -2*b - 5*u. Suppose -72703*q = -72695*q - 384. What is the remainder when q is divided by b?
14
Suppose -11*n + 3390 = -2473. What is the remainder when (13 - n/65)*(-5)/(-2) is divided by 11?
1
Let p = -153 - -274. Let c = 160 - p. Calculate the remainder when c is divided by 16.
7
Suppose -1951 = 10*j - 6051. Calculate the remainder when j is divided by 11.
3
Let j(m) = -10*m - 56. Let z be j(-10). Let k = z - 42. Calculate the remainder when 40 is divided by (-11 - -2)*(k + -2 + -1).
4
Let g be (1 - 2)*-2*-3. Let w(f) = f**2 + 6*f + 7. Let x = 204 - 197. Calculate the remainder when w(g) is divided by x.
0
Let s(j) = -2*j**2 + 19*j - 18. Let p(d) = 3*d + 74. Let y be p(-22). Let i = 1 - -1. Calculate the remainder when s(y) is divided by i.
0
Suppose b + 4*w - 4 = 0, b + 2*w + 0 - 4 = 0. Suppose 4*y - 153 = -5*f, 3*y = -b*f + 8*f - 110. What is the remainder when 227 is divided by f?
24
Let q(s) = -s**3 - 4*s**2 - 4*s - 6. Let n be q(-6). Let d = n - 30. Suppose d = -4*z + 10*z. What is the remainder when z is divided by 5?
0
Suppose 2*y + 7*s = 5*s, -4*y - 5*s = 5. Suppose -3*i + 1779 = -5*l + 461, -2*i + 872 = -y*l. Calculate the remainder when i is divided by 50.
46
Let s(k) = -k**3 - 16*k**2 - 43*k - 35. Let t be s(-13). Suppose -3*j - 8 + t = r, r = 2*j + 4. What is the remainder when (-1)/3 - (-140)/6 is divided by r?
5
Suppose 0 = -235*m + 502 + 11483. Suppose 0 = n - 6*n + 30. Calculate the remainder when m is divided by n.
3
Suppose 23*r + 370 = 2164. Calculate the remainder when r is divided by 29.
20
Suppose 5*m = -4*n + 36, 3*n - m - 7 - 20 = 0. Let b be (-2)/8 - 502/8. What is the remainder when 59 is divided by b/(-2)*6/n?
17
Let k(t) = 245*t - 1180. Suppose 0*g - 5*g + 30 = 0. Let v(r) = -r**2 + 9*r - 6. Calculate the remainder when k(5) is divided by v(g).
9
Suppose 16 = -13*o + 9*o + 8*o. What is the remainder when 381 is divided by o?
1
Let i = -49 + 44. What is the remainder when (333/3 - i) + 4 is divided by 28?
8
Let o(h) = -h**3 - 2*h**2 + 8*h - 12. Calculate the remainder when 1358/(-266) + 5 + (-2035)/(-19) is divided by o(-5).
15
Let b = 82 + -235. Let n = b + 404. Calculate the remainder when n is divided by 42.
41
What is the remainder when ((-67851)/(-35))/(3/5) is divided by 49?
46
Suppose 6*w + 165 - 39 = 0. Let m = 188 + w. What is the remainder when m is divided by 19?
15
Suppose 143*s = -28*s + 6327. What is the remainder when 161 is divided by s?
13
Let k(f) = 16*f + 12. Let v be k(1). Suppose -4*w - 4*r + 126 = -2*r, 3*r = w - v. Calculate the remainder when 87 is divided by w.
25
Let q be (1 + (-2)/3)/((-3)/36). Let u = -42 + 58. What is the remainder when u is divided by ((-6)/(-8) - (-21)/q)*-2?
7
Let l(c) = c**3 + 1. Let y be l(1). Suppose 0 = y*h + 1 + 1, 4*h - 83 = -3*k. Let u(q) = 46*q + 756. What is the remainder when u(-14) is divided by k?
25
Let m = -569 - -765. Suppose 55*i - 57*i = -m. Calculate the remainder when i is divided by 28.
14
Calculate the remainder when ((-52)/12)/(9/(-54)) is divided by 3/4 - ((-200)/32)/1.
5
Suppose 52 = -39*i + 52*i. Suppose 0 = -4*j + 8, -i*w + 0*j + 3*j + 14 = 0. Calculate the remainder when -2 + 67 + 2/(-2) is divided by w.
4
Let t(f) be the first derivative of 4*f**3/3 - 4*f**2 - 31*f - 113. Calculate the remainder when t(7) is divided by 38.
33
Suppose -147*d + 1978 = -61*d. Let z be 2/(-2 - (-3)/1). Suppose z*o = -x - 4*x + 333, 4*x = -o + 267. What is the remainder when x is divided by d?
21
Suppose -f = -2*f - 5*i + 9, f - 5*i - 59 = 0. Let b = f + -31. Suppose 2*s - 9 = 1, 2*o + b*s - 33 = 0. Calculate the remainder when 32 is divided by o.
5
Let o(f) = 4*f - 17. Let g(i) = 3*i - 8. Let a(p) = 7*g(p) - 4*o(p). What is the remainder when 3 is divided by a(-2)?
1
Let p be 4 - 1/2 - (-1)/2. Let w(u) = 5*u**2 - 8*u - 11. What is the remainder when 145 is divided by w(p)?
34
Calculate the remainder when 1*50 + (8 + -12 - (-21)/3) is divided by (-6)/14 - 146/(-14).
3
Calculate the remainder when -3372*(-2)/7 - ((-352)/28 - -13) is divided by 53.
9
Let d = 9447 + -8973. Calculate the remainder when d is divided by 19.
18
Suppose 0 = 153*b - 145*b - 2112. What is the remainder when b is divided by 137?
127
Let f be (5650/(-20))/((-10)/24). Let m = f + -534. Calculate the remainder when m is divided by 30.
24
Let z(q) = -5*q**2 - 82*q - 164. Calculate the remainder when 3303 is divided by z(-13).
54
Let k(d) = d**2 + 10*d + 26. Let w(z) = -z**3 - 13*z**2 + 14*z + 15. What is the remainder when k(0) is divided by w(-14)?
11
Let b = -9164 - -11458. What is the remainder when b is divided by 89?
69
Suppose -3034 = -k + q, -9072 = -3*k - 19*q + 17*q. What is the remainder when k is divided by 151?
8
Suppose 3*k + 4*r - 5 = 0, -5*k + r = 4 - 43. Let b(m) = 20*m - 74. What is the remainder when b(k) is divided by 24?
18
Suppose -25*t - 12684 = -31*t. Suppose 5*b + t = 19*b. What is the remainder when b is divided by 4?
3
Let i = 28 + -18. Let o = -3853 - -3888. What is the remainder when o is divided by 6/(-15) + 194/i?
16
Let o(h) = -97*h - 5301. What is the remainder when ((-1)/(-3))/(5/7635) is divided by o(-55)?
33
Let g = 236 - 115. Calculate the remainder when g - -2*15/(-5) is divided by 24.
19
Suppose -102 = -4*z + 90. Suppose -379*s + 388*s = 1116. What is the remainder when s is divided by z?
28
Let q be ((-18)/(-27))/((-4)/6). Let u be -3*(15/9 + q). Calculate the remainder when ((-92)/u - (-2 - -1))*1 is divided by 16.
15
Calculate the remainder when 698 is divided by 1*98 + ((-25)/((-350)/(-28)) - -4).
98
Suppose 5*t - 1414 + 96 = -3*l, 1326 = 5*t + l. Calculate the remainder when t is divided by 63.
14
Let b be (-45)/18*(-1068)/15. Suppose b = 3*l + 61. What is the remainder when 76 is divided by l?
37
Suppose -24*g = -23*g - 4. Suppose 4*i = 9*i + 4*x - 83, i + 5*x = g. Calculate the remainder when 205 is divided by i.
15
Suppose 0 = 2*y - 38 - 10. Suppose -4*r - 3*f + 1444 = 0, -28*r + 30*r - 4*f = 700. Calculate the remainder when r is divided by y.
22
Let p(b) = -14*b - 22. Let v be p(-7). Suppose 123 = 4*m + 5*c + 17, 3*m + 2*c - v = 0. Suppose -65 = 5*z - 895. What 